{"id":727,"date":"2025-07-18T20:03:15","date_gmt":"2025-07-18T23:03:15","guid":{"rendered":"https:\/\/belulicardi.com\/?page_id=727"},"modified":"2025-07-27T09:38:09","modified_gmt":"2025-07-27T12:38:09","slug":"mision-vision-y-valores","status":"publish","type":"page","link":"https:\/\/belulicardi.com\/index.php\/mision-vision-y-valores\/","title":{"rendered":"Mi misi\u00f3n es el prop\u00f3sito que quiero lograr a trav\u00e9s de la visi\u00f3n que sostengo y los valores que me acompa\u00f1an d\u00eda a d\u00eda"},"content":{"rendered":"\n<p style=\"margin-top:var(--wp--preset--spacing--superbspacing-xsmall);margin-bottom:var(--wp--preset--spacing--superbspacing-xsmall);font-size:clamp(14px, 0.875rem + ((1vw - 3.2px) * 0.455), 18px);line-height:1.7\"><span class=\"has-superb-addons-text-align-justify\">Desde que hice mi primer viaje hacia las monta\u00f1as, tengo una mirada m\u00e1s amplia acerca de las acciones que se llevan a cabo para proteger el medio ambiente. Desde entonces, tom\u00e9 el compromiso de aportar mi granito de arena para ayudar a promover el cuidado, no solo del entorno natural sino tambi\u00e9n el nuestro como habitantes de este mundo. <\/span><\/p>\n\n\n\n<div class=\"wp-block-columns are-vertically-aligned-center has-background is-layout-flex wp-container-core-columns-is-layout-28f84493 wp-block-columns-is-layout-flex\" style=\"background-color:#f1e8df\">\n<div class=\"wp-block-column is-vertically-aligned-center is-layout-flow wp-block-column-is-layout-flow\">\n<figure class=\"wp-block-image size-full\"><img loading=\"lazy\" decoding=\"async\" width=\"1000\" height=\"783\" src=\"https:\/\/belulicardi.com\/wp-content\/uploads\/2025\/07\/WhatsApp-Image-2025-07-04-at-18.27.47-e1751841596941.jpeg\" alt=\"\" class=\"wp-image-95\" style=\"aspect-ratio:4\/3;object-fit:cover\" srcset=\"https:\/\/belulicardi.com\/wp-content\/uploads\/2025\/07\/WhatsApp-Image-2025-07-04-at-18.27.47-e1751841596941.jpeg 1000w, https:\/\/belulicardi.com\/wp-content\/uploads\/2025\/07\/WhatsApp-Image-2025-07-04-at-18.27.47-e1751841596941-300x235.jpeg 300w, https:\/\/belulicardi.com\/wp-content\/uploads\/2025\/07\/WhatsApp-Image-2025-07-04-at-18.27.47-e1751841596941-768x601.jpeg 768w\" sizes=\"auto, (max-width: 1000px) 100vw, 1000px\" \/><\/figure>\n<\/div>\n\n\n\n<div class=\"wp-block-column is-vertically-aligned-center is-layout-flow wp-block-column-is-layout-flow\" style=\"padding-right:var(--wp--preset--spacing--superbspacing-xsmall);padding-left:var(--wp--preset--spacing--superbspacing-xsmall)\">\n<p style=\"font-size:clamp(14px, 0.875rem + ((1vw - 3.2px) * 0.455), 18px);line-height:1.7\"><span class=\"has-superb-addons-text-align-justify\">Mi <em>misi\u00f3n<\/em> es promover el deporte de una manera consciente e integral, abarcando su pr\u00e1ctica como \u00abllave\u00bb para abrir y desarrollar areas de bienestar que nos permiten evolucionar como seres humanos.  <\/span><\/p>\n\n\n\n<p style=\"font-size:clamp(14px, 0.875rem + ((1vw - 3.2px) * 0.455), 18px);line-height:1.7\"><span class=\"has-superb-addons-text-align-justify\">Adem\u00e1s, fomentar el cuidado de la monta\u00f1a, de la naturaleza misma, siendo ella el escenario principal de este deporte, como de tantos otros.<\/span><\/p>\n<\/div>\n<\/div>\n\n\n\n<p><\/p>\n\n\n\n<div class=\"wp-block-columns has-background is-layout-flex wp-container-core-columns-is-layout-45fbe5e0 wp-block-columns-is-layout-flex\" style=\"background-color:#e5d6cc;margin-top:var(--wp--preset--spacing--superbspacing-xxsmall);margin-bottom:var(--wp--preset--spacing--superbspacing-xxsmall);padding-right:var(--wp--preset--spacing--superbspacing-xsmall);padding-left:var(--wp--preset--spacing--superbspacing-xsmall)\">\n<div class=\"wp-block-column is-vertically-aligned-center is-layout-flow wp-block-column-is-layout-flow\" style=\"padding-right:0;padding-left:0\">\n<p style=\"margin-right:0;margin-left:0;font-size:clamp(14px, 0.875rem + ((1vw - 3.2px) * 0.455), 18px);line-height:1.7\"><span class=\"has-superb-addons-text-align-justify\">Mi <em>visi\u00f3n<\/em> es que las personas puedan sentirse, de una manera consciente, conectados consigo mismos y con su entorno a trav\u00e9s del deporte y de la conexi\u00f3n con la naturaleza<\/span>. <\/p>\n<\/div>\n\n\n\n<div class=\"wp-block-column is-layout-flow wp-block-column-is-layout-flow\">\n<figure class=\"wp-block-image size-full\"><img loading=\"lazy\" decoding=\"async\" width=\"1000\" height=\"1068\" src=\"https:\/\/belulicardi.com\/wp-content\/uploads\/2025\/07\/WhatsApp-Image-2025-07-04-at-18.27.47-1-4-e1753404075530.jpeg\" alt=\"\" class=\"wp-image-994\" srcset=\"https:\/\/belulicardi.com\/wp-content\/uploads\/2025\/07\/WhatsApp-Image-2025-07-04-at-18.27.47-1-4-e1753404075530.jpeg 1000w, https:\/\/belulicardi.com\/wp-content\/uploads\/2025\/07\/WhatsApp-Image-2025-07-04-at-18.27.47-1-4-e1753404075530-281x300.jpeg 281w, https:\/\/belulicardi.com\/wp-content\/uploads\/2025\/07\/WhatsApp-Image-2025-07-04-at-18.27.47-1-4-e1753404075530-959x1024.jpeg 959w, https:\/\/belulicardi.com\/wp-content\/uploads\/2025\/07\/WhatsApp-Image-2025-07-04-at-18.27.47-1-4-e1753404075530-768x820.jpeg 768w\" sizes=\"auto, (max-width: 1000px) 100vw, 1000px\" \/><\/figure>\n<\/div>\n<\/div>\n\n\n\n<div class=\"wp-block-columns has-background is-layout-flex wp-container-core-columns-is-layout-28f84493 wp-block-columns-is-layout-flex\" style=\"background-color:#e5dfd9\">\n<div class=\"wp-block-column is-layout-flow wp-block-column-is-layout-flow\">\n<figure class=\"wp-block-image size-full\"><img loading=\"lazy\" decoding=\"async\" width=\"607\" height=\"509\" src=\"https:\/\/belulicardi.com\/wp-content\/uploads\/2025\/07\/WhatsApp-Image-2025-07-17-at-06.34.45-1-e1752878435173.jpeg\" alt=\"\" class=\"wp-image-778\" srcset=\"https:\/\/belulicardi.com\/wp-content\/uploads\/2025\/07\/WhatsApp-Image-2025-07-17-at-06.34.45-1-e1752878435173.jpeg 607w, https:\/\/belulicardi.com\/wp-content\/uploads\/2025\/07\/WhatsApp-Image-2025-07-17-at-06.34.45-1-e1752878435173-300x252.jpeg 300w\" sizes=\"auto, (max-width: 607px) 100vw, 607px\" \/><\/figure>\n<\/div>\n\n\n\n<div class=\"wp-block-column is-vertically-aligned-center is-layout-flow wp-block-column-is-layout-flow\" style=\"padding-right:var(--wp--preset--spacing--superbspacing-xsmall);padding-left:var(--wp--preset--spacing--superbspacing-xsmall)\">\n<p style=\"font-size:clamp(14px, 0.875rem + ((1vw - 3.2px) * 0.455), 18px);line-height:1.7\"><span class=\"has-superb-addons-text-align-justify\">Sostengo los <em>valores<\/em> como el compromiso, el respeto y la perseverancia como pilares en la vida porque creo en el poder de su conjunto para mantener y sostener cualquier tipo de proyecto (ya sea laboral o personal) y <\/span>llegar a los corazones de las personas.<\/p>\n<\/div>\n<\/div>\n\n\n\n<p style=\"margin-top:var(--wp--preset--spacing--superbspacing-xsmall);margin-right:0;margin-bottom:var(--wp--preset--spacing--superbspacing-xsmall);margin-left:0;font-size:clamp(14px, 0.875rem + ((1vw - 3.2px) * 0.455), 18px);line-height:1.7\">Como suelo decir, nadie puede hacer todo, pero todos podemos hacer algo, por m\u00e1s m\u00ednimo que sea. Empieza por vos, cuida tu cuerpo. As\u00ed como decides habitarlo, habitas el mundo. Aprendamos a valorar lo que tenemos y lo que nos mantiene vivos, tomando consciencia y acciones que nos inviten a crear y a tener un entorno m\u00e1s limpio, m\u00e1s cuidado, m\u00e1s querido.<\/p>\n\n\n\n<p class=\"has-text-align-right\" style=\"font-size:clamp(14px, 0.875rem + ((1vw - 3.2px) * 0.455), 18px);\">Por un mundo m\u00e1s consciente.<\/p>\n","protected":false},"excerpt":{"rendered":"<p>Desde que hice mi primer viaje hacia las monta\u00f1as, tengo una mirada m\u00e1s amplia acerca de las acciones que se llevan a cabo para proteger el medio ambiente. Desde entonces, tom\u00e9 el compromiso de aportar mi granito de arena para ayudar a promover el cuidado, no solo del entorno natural sino tambi\u00e9n el nuestro como [&hellip;]<\/p>\n","protected":false},"author":1,"featured_media":0,"parent":0,"menu_order":0,"comment_status":"closed","ping_status":"closed","template":"","meta":{"footnotes":""},"class_list":["post-727","page","type-page","status-publish","hentry"],"jetpack_sharing_enabled":true,"_links":{"self":[{"href":"https:\/\/belulicardi.com\/index.php\/wp-json\/wp\/v2\/pages\/727","targetHints":{"allow":["GET"]}}],"collection":[{"href":"https:\/\/belulicardi.com\/index.php\/wp-json\/wp\/v2\/pages"}],"about":[{"href":"https:\/\/belulicardi.com\/index.php\/wp-json\/wp\/v2\/types\/page"}],"author":[{"embeddable":true,"href":"https:\/\/belulicardi.com\/index.php\/wp-json\/wp\/v2\/users\/1"}],"replies":[{"embeddable":true,"href":"https:\/\/belulicardi.com\/index.php\/wp-json\/wp\/v2\/comments?post=727"}],"version-history":[{"count":102,"href":"https:\/\/belulicardi.com\/index.php\/wp-json\/wp\/v2\/pages\/727\/revisions"}],"predecessor-version":[{"id":1063,"href":"https:\/\/belulicardi.com\/index.php\/wp-json\/wp\/v2\/pages\/727\/revisions\/1063"}],"wp:attachment":[{"href":"https:\/\/belulicardi.com\/index.php\/wp-json\/wp\/v2\/media?parent=727"}],"curies":[{"name":"wp","href":"https:\/\/api.w.org\/{rel}","templated":true}]}}